
Convert -44210 (base 5) to base 7.
-11623
What is -208 (base 15) in base 7?
-1223
What is -1298 (base 10) in base 14?
-68a
What is -1100001000111 (base 2) in base 9?
-8465
What is -1102121 (base 4) in base 14?
-1cc9
-212301 (base 6) to base 13
-7bb8
What is 3ca (base 14) in base 8?
1376
Convert 3784a (base 12) to base 6.
1341334
What is -3510 (base 10) in base 5?
-103020
Convert -339a (base 12) to base 3.
-21212101
-70524 (base 8) to base 7
-150404
What is 49e (base 15) in base 11?
874
Convert 1110 (base 4) to base 16.
54
What is -61e (base 15) in base 4?
-111203
Convert -5003 (base 9) to base 7.
-13431
Convert 491 (base 12) to base 4.
22231
20a (base 12) to base 16
12a
1358 (base 11) to base 3
2102002
211002 (base 3) to base 8
1124
What is -23005 (base 7) in base 3?
-22000011
131660 (base 7) to base 6
310145
What is 42a3 (base 12) in base 13?
3444
Convert a36 (base 13) to base 2.
11011000111
What is -201103 (base 5) in base 2?
-1100100000011
What is -124424 (base 7) in base 3?
-1011211002
Convert -2046 (base 7) to base 15.
-330
11527 (base 8) to base 16
1357
What is -4612 (base 7) in base 8?
-3213
-1449 (base 16) to base 4
-1101021
Convert -73252 (base 8) to base 5.
-1433003
1031 (base 10) to base 2
10000000111
What is 1508 (base 9) in base 7?
3221
Convert -1002201 (base 3) to base 14.
-414
What is 101020 (base 3) in base 4?
10110
Convert -88 (base 15) to base 5.
-1003
-1710 (base 12) to base 3
-10202210
4333 (base 7) to base 3
2010011
What is 10110 (base 9) in base 16?
19fb
What is -1062 (base 7) in base 4?
-12003
What is 687 (base 15) in base 9?
2021
Convert 39813 (base 10) to base 7.
224034
170 (base 16) to base 3
111122
Convert -2341 (base 11) to base 6.
-22114
143d (base 15) to base 13
1c84
Convert -100000010101 (base 2) to base 8.
-4025
Convert -12088 (base 13) to base 5.
-2024232
Convert -111000010100 (base 2) to base 12.
-2104
-a7 (base 16) to base 14
-bd
What is -4422 (base 5) in base 16?
-264
What is 22212 (base 3) in base 11?
1a8
What is -40541 (base 6) in base 14?
-1d6d
1051 (base 9) to base 16
307
-1111110 (base 3) to base 12
-770
What is 3013 (base 6) in base 15?
2dc
What is -7568 (base 13) in base 4?
-3332312
What is 249 (base 11) in base 15?
14a
-13 (base 4) to base 6
-11
30121 (base 4) to base 16
319
1434 (base 9) to base 5
13314
144 (base 13) to base 5
1400
-454 (base 13) to base 11
-618
What is -556c (base 13) in base 5?
-340140
What is -b57 (base 13) in base 9?
-2575
375 (base 13) to base 5
4403
What is 772 (base 11) in base 14?
4a2
What is 463 (base 11) in base 9?
674
a2 (base 16) to base 14
b8
Convert -17506 (base 8) to base 3.
-101222112
What is -8d9d (base 14) in base 13?
-b2a4
-340 (base 15) to base 4
-23133
What is -309 (base 16) in base 9?
-1053
11533 (base 6) to base 13
a1a
What is -340200 (base 5) in base 6?
-131113
Convert 35646 (base 11) to base 7.
302502
What is -641 (base 9) in base 15?
-24d
Convert 1707 (base 8) to base 7.
2551
What is -1932 (base 11) in base 16?
-997
What is e30 (base 15) in base 2?
110001111011
What is 1090 (base 10) in base 9?
1441
Convert -7065 (base 11) to base 7.
-36241
Convert 2233 (base 4) to base 3.
20111
-110ab (base 15) to base 12
-27415
-3a35 (base 11) to base 13
-2502
101000111011110 (base 2) to base 11
14823
-3125 (base 14) to base 16
-210d
Convert 165607 (base 8) to base 12.
2aa87
Convert -1b13 (base 13) to base 5.
-112242
3331 (base 6) to base 15
36a
Convert -10011111 (base 2) to base 6.
-423
-75 (base 11) to base 6
-214
12122002 (base 3) to base 6
31002
What is 6892 (base 13) in base 10?
14653
Convert 3524 (base 16) to base 8.
32444
-2355 (base 12) to base 6
-30145
What is 3342 (base 8) in base 10?
1762
What is 12500 (base 12) in base 3?
1021011200
-11121121102 (base 3) to base 15
-1bdae
Convert 11011100 (base 2) to base 9.
264
1021 (base 7) to base 6
1354
Convert 1ed (base 16) to base 8.
755
Convert 1455 (base 9) to base 13.
66b
Convert -325435 (base 6) to base 10.
-27167
What is -702 (base 9) in base 2?
-1000111001
Convert 3cb9 (base 16) to base 12.
8bb5
997b (base 12) to base 9
25215
-21221 (base 3) to base 4
-3112
-62421 (base 9) to base 4
-22003033
What is 7030 (base 11) in base 15?
2b85
Convert 303022 (base 4) to base 10.
3274
284 (base 12) to base 2
110000100
What is 26133 (base 7) in base 10?
6933
Convert -558 (base 11) to base 2.
-1010011100
Convert 1222214 (base 5) to base 3.
1012010221
Convert 1233 (base 8) to base 14.
359
3020 (base 5) to base 12
281
What is -1251 (base 10) in base 12?
-883
Convert 1796 (base 15) to base 4.
1033203
456265 (base 7) to base 5
10101221
Convert -31 (base 4) to base 12.
-11
-11011110110111 (base 2) to base 12
-8307
What is 463 (base 8) in base 16?
133
1021321 (base 4) to base 10
4729
What is -712 (base 15) in base 16?
-638
What is -10602 (base 8) in base 13?
-206a
352 (base 15) to base 16
2f0
Convert -46c (base 16) to base 2.
-10001101100
What is -2421 (base 5) in base 2?
-101101001
What is c43 (base 15) in base 4?
223023
What is 21232 (base 4) in base 2?
1001101110
Convert 9224 (base 10) to base 11.
6a26
What is -26306 (base 7) in base 10?
-7013
24310 (base 6) to base 10
3570
3ce (base 15) to base 9
1165
What is 710 (base 16) in base 3?
2110222
-172635 (base 8) to base 10
-62877
13177 (base 9) to base 15
2984
What is -14a7 (base 15) in base 2?
-1000101010000
What is -bb1 (base 14) in base 7?
-6511
Convert 113 (base 14) to base 13.
135
Convert 8515 (base 9) to base 12.
374b
1167 (base 12) to base 15
8a1
2612 (base 11) to base 8
6511
What is 949 (base 15) in base 2?
100000101110
Convert 41001 (base 5) to base 11.
1a78
-1100121 (base 3) to base 2
-1111011100
What is 1354 (base 8) in base 15?
34d
-20532 (base 6) to base 7
-11066
Convert 17c6 (base 16) to base 13.
2a02
-38566 (base 11) to base 2
-1101011111010000
Convert 112331 (base 4) to base 12.
a25
331245 (base 6) to base 5
1340113
a43 (base 13) to base 2
11011010001
What is -964 (base 11) in base 8?
-2207
Convert -112 (base 16) to base 13.
-181
1323 (base 6) to base 15
179
Convert -6525 (base 11) to base 12.
-4ba2
What is 264 (base 15) in base 8?
1040
What is 9385 (base 15) in base 13?
11261
What is -1901 (base 10) in base 6?
-12445
Convert -3537 (base 8) to base 15.
-85c
Convert -1554 (base 9) to base 8.
-2237
What is -13331 (base 4) in base 14?
-285
Convert 230321 (base 5) to base 13.
3978
2001043 (base 5) to base 10
31398
29213 (base 10) to base 6
343125
2a92 (base 13) to base 12
370b
768 (base 10) to base 16
300
What is 20320 (base 4) in base 5?
4233
Convert 3a2d (base 14) to base 2.
10011111111001
What is 1101010011101 (base 2) in base 3?
100100100
What is 3b24 (base 12) in base 15?
2031
What is -10702 (base 9) in base 3?
-100210002
Convert 10010010100 (base 2) to base 4.
102110
-11000011110110 (base 2) to base 16
-30f6
-2121121110 (base 3) to base 7
-303033
Convert -1011110110 (base 2) to base 16.
-2f6
What is 949 (base 10) in base 2?
1110110101
-130 (base 12) to base 8
-264
What is 522 (base 9) in base 8?
651
404 (base 10) to base 4
12110
Convert -120220201 (base 3) to base 2.
-10110101010010
What is -71 (base 12) in base 16?
-55
Convert 3b6 (base 15) to base 12.
5a6
Convert -1114401 (base 5) to base 13.
-9128
-a83 (base 15) to base 12
-1459
What is -120231 (base 4) in base 10?
-1581
What is 11bb1 (base 12) in base 7?
130333
1010010100010 (base 2) to base 15
1872
3477 (base 11) to base 6
33041
1222021221 (base 3) to base 6
455511
48362 (base 10) to base 13
19022
What is -115415 (base 8) in base 11?
-27905
-13013023 (base 4) to base 16
-71cb
What is -24696 (base 10) in base 14?
-9000
-269 (base 11) to base 7
-632
What is 110100 (base 3) in base 12?
239
What is 4a3 (base 16) in base 8?
2243
What is -1010000100011 (base 2) in base 16?
-1423
8a11 (base 16) to base 9
53432
12102 (base 4) to base 2
110010010
What is -832 (base 11) in base 10?
-1003
Convert 308d (base 15) to base 13.
4891
Convert 151 (base 15) to base 11.
254
What is -3b95b (base 12) in base 14?
-2214b
What is -100001110011101 (base 2) in base 7?
-101315
What is 11498 (base 10) in base 11?
8703
What is 100012 (base 3) in base 15?
118
-34 (base 12) to base 9
-44
Convert -334 (base 7) to base 3.
-20101
Convert 313a6 (base 13) to base 3.
11111102122
Convert -27449 (base 10) to base 11.
-19694
Convert -10e (base 15)